{"id":2968,"date":"2022-01-15T21:07:04","date_gmt":"2022-01-15T21:07:04","guid":{"rendered":"http:\/\/servando\/?post_type=obras&#038;p=2968"},"modified":"2022-02-03T16:56:35","modified_gmt":"2022-02-03T16:56:35","slug":"la-ideologia-como-sintoma-2020-medallas-y-mascara-de-oxigeno","status":"publish","type":"obras","link":"https:\/\/www.servandogaleria.cu\/en\/obras\/la-ideologia-como-sintoma-2020-medallas-y-mascara-de-oxigeno\/","title":{"rendered":"La ideolog\u00eda como s\u00edntoma, 2020. Medallas y m\u00e1scara de ox\u00edgeno"},"content":{"rendered":"","protected":false},"featured_media":2969,"template":"","acf":[],"wbAuthor":{"name":"informatica","link":"https:\/\/www.servandogaleria.cu\/en\/author\/"},"wbDate":"Jan 15, 2022","wbCategories":{"space":"","coma":""},"wbComment":0,"uagb_featured_image_src":{"full":["https:\/\/www.servandogaleria.cu\/wp-content\/uploads\/2022\/01\/02.-La-ideologia-como-sintoma-2020.-Medallas-y-mascara-de-oxigeno-100-x-20-cm-e1643907385905.jpg",1035,874,false],"thumbnail":["https:\/\/www.servandogaleria.cu\/wp-content\/uploads\/2022\/01\/02.-La-ideologia-como-sintoma-2020.-Medallas-y-mascara-de-oxigeno-100-x-20-cm-e1643907385905-150x150.jpg",150,150,true],"medium":["https:\/\/www.servandogaleria.cu\/wp-content\/uploads\/2022\/01\/02.-La-ideologia-como-sintoma-2020.-Medallas-y-mascara-de-oxigeno-100-x-20-cm-e1643907385905-300x253.jpg",300,253,true],"medium_large":["https:\/\/www.servandogaleria.cu\/wp-content\/uploads\/2022\/01\/02.-La-ideologia-como-sintoma-2020.-Medallas-y-mascara-de-oxigeno-100-x-20-cm-e1643907385905-768x649.jpg",768,649,true],"large":["https:\/\/www.servandogaleria.cu\/wp-content\/uploads\/2022\/01\/02.-La-ideologia-como-sintoma-2020.-Medallas-y-mascara-de-oxigeno-100-x-20-cm-e1643907385905-1024x865.jpg",1024,865,true],"1536x1536":["https:\/\/www.servandogaleria.cu\/wp-content\/uploads\/2022\/01\/02.-La-ideologia-como-sintoma-2020.-Medallas-y-mascara-de-oxigeno-100-x-20-cm-e1643907385905.jpg",1035,874,false],"2048x2048":["https:\/\/www.servandogaleria.cu\/wp-content\/uploads\/2022\/01\/02.-La-ideologia-como-sintoma-2020.-Medallas-y-mascara-de-oxigeno-100-x-20-cm-e1643907385905.jpg",1035,874,false],"trp-custom-language-flag":["https:\/\/www.servandogaleria.cu\/wp-content\/uploads\/2022\/01\/02.-La-ideologia-como-sintoma-2020.-Medallas-y-mascara-de-oxigeno-100-x-20-cm-e1643907385905-14x12.jpg",14,12,true],"ultp_layout_landscape_large":["https:\/\/www.servandogaleria.cu\/wp-content\/uploads\/2022\/01\/02.-La-ideologia-como-sintoma-2020.-Medallas-y-mascara-de-oxigeno-100-x-20-cm-e1643907385905-1035x800.jpg",1035,800,true],"ultp_layout_landscape":["https:\/\/www.servandogaleria.cu\/wp-content\/uploads\/2022\/01\/02.-La-ideologia-como-sintoma-2020.-Medallas-y-mascara-de-oxigeno-100-x-20-cm-e1643907385905-870x570.jpg",870,570,true],"ultp_layout_portrait":["https:\/\/www.servandogaleria.cu\/wp-content\/uploads\/2022\/01\/02.-La-ideologia-como-sintoma-2020.-Medallas-y-mascara-de-oxigeno-100-x-20-cm-e1643907385905-600x874.jpg",600,874,true],"ultp_layout_square":["https:\/\/www.servandogaleria.cu\/wp-content\/uploads\/2022\/01\/02.-La-ideologia-como-sintoma-2020.-Medallas-y-mascara-de-oxigeno-100-x-20-cm-e1643907385905-600x600.jpg",600,600,true],"sydney-large-thumb":["https:\/\/www.servandogaleria.cu\/wp-content\/uploads\/2022\/01\/02.-La-ideologia-como-sintoma-2020.-Medallas-y-mascara-de-oxigeno-100-x-20-cm-e1643907385905-920x777.jpg",920,777,true],"sydney-medium-thumb":["https:\/\/www.servandogaleria.cu\/wp-content\/uploads\/2022\/01\/02.-La-ideologia-como-sintoma-2020.-Medallas-y-mascara-de-oxigeno-100-x-20-cm-e1643907385905-550x400.jpg",550,400,true],"sydney-small-thumb":["https:\/\/www.servandogaleria.cu\/wp-content\/uploads\/2022\/01\/02.-La-ideologia-como-sintoma-2020.-Medallas-y-mascara-de-oxigeno-100-x-20-cm-e1643907385905-230x194.jpg",230,194,true],"sydney-service-thumb":["https:\/\/www.servandogaleria.cu\/wp-content\/uploads\/2022\/01\/02.-La-ideologia-como-sintoma-2020.-Medallas-y-mascara-de-oxigeno-100-x-20-cm-e1643907385905-350x296.jpg",350,296,true],"sydney-mas-thumb":["https:\/\/www.servandogaleria.cu\/wp-content\/uploads\/2022\/01\/02.-La-ideologia-como-sintoma-2020.-Medallas-y-mascara-de-oxigeno-100-x-20-cm-e1643907385905-480x405.jpg",480,405,true],"mailpoet_newsletter_max":["https:\/\/www.servandogaleria.cu\/wp-content\/uploads\/2022\/01\/02.-La-ideologia-como-sintoma-2020.-Medallas-y-mascara-de-oxigeno-100-x-20-cm-e1643907385905.jpg",1035,874,false]},"uagb_author_info":{"display_name":"informatica","author_link":"https:\/\/www.servandogaleria.cu\/en\/author\/"},"uagb_comment_info":0,"uagb_excerpt":null,"_links":{"self":[{"href":"https:\/\/www.servandogaleria.cu\/en\/wp-json\/wp\/v2\/obras\/2968"}],"collection":[{"href":"https:\/\/www.servandogaleria.cu\/en\/wp-json\/wp\/v2\/obras"}],"about":[{"href":"https:\/\/www.servandogaleria.cu\/en\/wp-json\/wp\/v2\/types\/obras"}],"wp:featuredmedia":[{"embeddable":true,"href":"https:\/\/www.servandogaleria.cu\/en\/wp-json\/wp\/v2\/media\/2969"}],"wp:attachment":[{"href":"https:\/\/www.servandogaleria.cu\/en\/wp-json\/wp\/v2\/media?parent=2968"}],"curies":[{"name":"wp","href":"https:\/\/api.w.org\/{rel}","templated":true}]}}

La ideología como síntoma, 2020. Medallas y máscara de oxígeno
