{"id":2881,"date":"2022-01-15T18:12:55","date_gmt":"2022-01-15T18:12:55","guid":{"rendered":"http:\/\/servando\/?post_type=obras&#038;p=2881"},"modified":"2022-01-15T18:13:10","modified_gmt":"2022-01-15T18:13:10","slug":"expulsion-de-joaquin-del-templo-despues-de-giotto-2018-oleo-sobre-madera","status":"publish","type":"obras","link":"https:\/\/www.servandogaleria.cu\/en\/obras\/expulsion-de-joaquin-del-templo-despues-de-giotto-2018-oleo-sobre-madera\/","title":{"rendered":"Expulsi\u00f3n de Joaqu\u00edn del templo (despu\u00e9s de Giotto) 2018, \u00f3leo sobre madera"},"content":{"rendered":"","protected":false},"featured_media":2889,"template":"","acf":[],"wbAuthor":{"name":"informatica","link":"https:\/\/www.servandogaleria.cu\/en\/author\/"},"wbDate":"Jan 15, 2022","wbCategories":{"space":"","coma":""},"wbComment":0,"uagb_featured_image_src":{"full":["https:\/\/www.servandogaleria.cu\/wp-content\/uploads\/2022\/01\/Expulsion-de-Joaquin-del-templo-despues-de-Giotto-2018-oleo-sobre-madera.-30-5-x-305-cm.jpg",1199,1200,false],"thumbnail":["https:\/\/www.servandogaleria.cu\/wp-content\/uploads\/2022\/01\/Expulsion-de-Joaquin-del-templo-despues-de-Giotto-2018-oleo-sobre-madera.-30-5-x-305-cm-150x150.jpg",150,150,true],"medium":["https:\/\/www.servandogaleria.cu\/wp-content\/uploads\/2022\/01\/Expulsion-de-Joaquin-del-templo-despues-de-Giotto-2018-oleo-sobre-madera.-30-5-x-305-cm-300x300.jpg",300,300,true],"medium_large":["https:\/\/www.servandogaleria.cu\/wp-content\/uploads\/2022\/01\/Expulsion-de-Joaquin-del-templo-despues-de-Giotto-2018-oleo-sobre-madera.-30-5-x-305-cm-768x769.jpg",768,769,true],"large":["https:\/\/www.servandogaleria.cu\/wp-content\/uploads\/2022\/01\/Expulsion-de-Joaquin-del-templo-despues-de-Giotto-2018-oleo-sobre-madera.-30-5-x-305-cm-1024x1024.jpg",1024,1024,true],"1536x1536":["https:\/\/www.servandogaleria.cu\/wp-content\/uploads\/2022\/01\/Expulsion-de-Joaquin-del-templo-despues-de-Giotto-2018-oleo-sobre-madera.-30-5-x-305-cm.jpg",1199,1200,false],"2048x2048":["https:\/\/www.servandogaleria.cu\/wp-content\/uploads\/2022\/01\/Expulsion-de-Joaquin-del-templo-despues-de-Giotto-2018-oleo-sobre-madera.-30-5-x-305-cm.jpg",1199,1200,false],"trp-custom-language-flag":["https:\/\/www.servandogaleria.cu\/wp-content\/uploads\/2022\/01\/Expulsion-de-Joaquin-del-templo-despues-de-Giotto-2018-oleo-sobre-madera.-30-5-x-305-cm-12x12.jpg",12,12,true],"ultp_layout_landscape_large":["https:\/\/www.servandogaleria.cu\/wp-content\/uploads\/2022\/01\/Expulsion-de-Joaquin-del-templo-despues-de-Giotto-2018-oleo-sobre-madera.-30-5-x-305-cm-1199x800.jpg",1199,800,true],"ultp_layout_landscape":["https:\/\/www.servandogaleria.cu\/wp-content\/uploads\/2022\/01\/Expulsion-de-Joaquin-del-templo-despues-de-Giotto-2018-oleo-sobre-madera.-30-5-x-305-cm-870x570.jpg",870,570,true],"ultp_layout_portrait":["https:\/\/www.servandogaleria.cu\/wp-content\/uploads\/2022\/01\/Expulsion-de-Joaquin-del-templo-despues-de-Giotto-2018-oleo-sobre-madera.-30-5-x-305-cm-600x900.jpg",600,900,true],"ultp_layout_square":["https:\/\/www.servandogaleria.cu\/wp-content\/uploads\/2022\/01\/Expulsion-de-Joaquin-del-templo-despues-de-Giotto-2018-oleo-sobre-madera.-30-5-x-305-cm-600x600.jpg",600,600,true],"sydney-large-thumb":["https:\/\/www.servandogaleria.cu\/wp-content\/uploads\/2022\/01\/Expulsion-de-Joaquin-del-templo-despues-de-Giotto-2018-oleo-sobre-madera.-30-5-x-305-cm-920x921.jpg",920,921,true],"sydney-medium-thumb":["https:\/\/www.servandogaleria.cu\/wp-content\/uploads\/2022\/01\/Expulsion-de-Joaquin-del-templo-despues-de-Giotto-2018-oleo-sobre-madera.-30-5-x-305-cm-550x400.jpg",550,400,true],"sydney-small-thumb":["https:\/\/www.servandogaleria.cu\/wp-content\/uploads\/2022\/01\/Expulsion-de-Joaquin-del-templo-despues-de-Giotto-2018-oleo-sobre-madera.-30-5-x-305-cm-230x230.jpg",230,230,true],"sydney-service-thumb":["https:\/\/www.servandogaleria.cu\/wp-content\/uploads\/2022\/01\/Expulsion-de-Joaquin-del-templo-despues-de-Giotto-2018-oleo-sobre-madera.-30-5-x-305-cm-350x350.jpg",350,350,true],"sydney-mas-thumb":["https:\/\/www.servandogaleria.cu\/wp-content\/uploads\/2022\/01\/Expulsion-de-Joaquin-del-templo-despues-de-Giotto-2018-oleo-sobre-madera.-30-5-x-305-cm-480x480.jpg",480,480,true],"mailpoet_newsletter_max":["https:\/\/www.servandogaleria.cu\/wp-content\/uploads\/2022\/01\/Expulsion-de-Joaquin-del-templo-despues-de-Giotto-2018-oleo-sobre-madera.-30-5-x-305-cm.jpg",1199,1200,false]},"uagb_author_info":{"display_name":"informatica","author_link":"https:\/\/www.servandogaleria.cu\/en\/author\/"},"uagb_comment_info":0,"uagb_excerpt":null,"_links":{"self":[{"href":"https:\/\/www.servandogaleria.cu\/en\/wp-json\/wp\/v2\/obras\/2881"}],"collection":[{"href":"https:\/\/www.servandogaleria.cu\/en\/wp-json\/wp\/v2\/obras"}],"about":[{"href":"https:\/\/www.servandogaleria.cu\/en\/wp-json\/wp\/v2\/types\/obras"}],"wp:featuredmedia":[{"embeddable":true,"href":"https:\/\/www.servandogaleria.cu\/en\/wp-json\/wp\/v2\/media\/2889"}],"wp:attachment":[{"href":"https:\/\/www.servandogaleria.cu\/en\/wp-json\/wp\/v2\/media?parent=2881"}],"curies":[{"name":"wp","href":"https:\/\/api.w.org\/{rel}","templated":true}]}}

Expulsión de Joaquín del templo (después de Giotto) 2018, óleo sobre madera
