{"id":2381,"date":"2022-01-13T15:37:04","date_gmt":"2022-01-13T15:37:04","guid":{"rendered":"http:\/\/servando\/?post_type=obras&#038;p=2381"},"modified":"2022-02-03T17:40:51","modified_gmt":"2022-02-03T17:40:51","slug":"el-inevitable-destino-el-sofa-de-color-beige-2019-diptico-oleo-carbon-sobre-tela-19-x-239-cm-2","status":"publish","type":"obras","link":"https:\/\/www.servandogaleria.cu\/en\/obras\/el-inevitable-destino-el-sofa-de-color-beige-2019-diptico-oleo-carbon-sobre-tela-19-x-239-cm-2\/","title":{"rendered":"El inevitable destino, el sof\u00e1 de color beige, 2019 (d\u00edptico) \u00f3leo, carb\u00f3n sobre tela. 19 x 239 cm"},"content":{"rendered":"","protected":false},"featured_media":2374,"template":"","acf":[],"wbAuthor":{"name":"informatica","link":"https:\/\/www.servandogaleria.cu\/en\/author\/"},"wbDate":"Jan 13, 2022","wbCategories":{"space":"","coma":""},"wbComment":0,"uagb_featured_image_src":{"full":["https:\/\/www.servandogaleria.cu\/wp-content\/uploads\/2022\/01\/el-inevitable-destino-el-sofa-de-color-beige-2019-diptico-oleo-carbon-sobre-tela.-19-x-239-cm-e1643910045429.jpg",984,901,false],"thumbnail":["https:\/\/www.servandogaleria.cu\/wp-content\/uploads\/2022\/01\/el-inevitable-destino-el-sofa-de-color-beige-2019-diptico-oleo-carbon-sobre-tela.-19-x-239-cm-e1643910045429-150x150.jpg",150,150,true],"medium":["https:\/\/www.servandogaleria.cu\/wp-content\/uploads\/2022\/01\/el-inevitable-destino-el-sofa-de-color-beige-2019-diptico-oleo-carbon-sobre-tela.-19-x-239-cm-e1643910045429-300x275.jpg",300,275,true],"medium_large":["https:\/\/www.servandogaleria.cu\/wp-content\/uploads\/2022\/01\/el-inevitable-destino-el-sofa-de-color-beige-2019-diptico-oleo-carbon-sobre-tela.-19-x-239-cm-e1643910045429-768x703.jpg",768,703,true],"large":["https:\/\/www.servandogaleria.cu\/wp-content\/uploads\/2022\/01\/el-inevitable-destino-el-sofa-de-color-beige-2019-diptico-oleo-carbon-sobre-tela.-19-x-239-cm-1024x579.jpg",1024,579,true],"1536x1536":["https:\/\/www.servandogaleria.cu\/wp-content\/uploads\/2022\/01\/el-inevitable-destino-el-sofa-de-color-beige-2019-diptico-oleo-carbon-sobre-tela.-19-x-239-cm-1536x869.jpg",1536,869,true],"2048x2048":["https:\/\/www.servandogaleria.cu\/wp-content\/uploads\/2022\/01\/el-inevitable-destino-el-sofa-de-color-beige-2019-diptico-oleo-carbon-sobre-tela.-19-x-239-cm-e1643910045429.jpg",984,901,false],"trp-custom-language-flag":["https:\/\/www.servandogaleria.cu\/wp-content\/uploads\/2022\/01\/el-inevitable-destino-el-sofa-de-color-beige-2019-diptico-oleo-carbon-sobre-tela.-19-x-239-cm-e1643910045429-13x12.jpg",13,12,true],"ultp_layout_landscape_large":["https:\/\/www.servandogaleria.cu\/wp-content\/uploads\/2022\/01\/el-inevitable-destino-el-sofa-de-color-beige-2019-diptico-oleo-carbon-sobre-tela.-19-x-239-cm-e1643910045429-984x800.jpg",984,800,true],"ultp_layout_landscape":["https:\/\/www.servandogaleria.cu\/wp-content\/uploads\/2022\/01\/el-inevitable-destino-el-sofa-de-color-beige-2019-diptico-oleo-carbon-sobre-tela.-19-x-239-cm-e1643910045429-870x570.jpg",870,570,true],"ultp_layout_portrait":["https:\/\/www.servandogaleria.cu\/wp-content\/uploads\/2022\/01\/el-inevitable-destino-el-sofa-de-color-beige-2019-diptico-oleo-carbon-sobre-tela.-19-x-239-cm-e1643910045429-600x900.jpg",600,900,true],"ultp_layout_square":["https:\/\/www.servandogaleria.cu\/wp-content\/uploads\/2022\/01\/el-inevitable-destino-el-sofa-de-color-beige-2019-diptico-oleo-carbon-sobre-tela.-19-x-239-cm-e1643910045429-600x600.jpg",600,600,true],"sydney-large-thumb":["https:\/\/www.servandogaleria.cu\/wp-content\/uploads\/2022\/01\/el-inevitable-destino-el-sofa-de-color-beige-2019-diptico-oleo-carbon-sobre-tela.-19-x-239-cm-e1643910045429-920x842.jpg",920,842,true],"sydney-medium-thumb":["https:\/\/www.servandogaleria.cu\/wp-content\/uploads\/2022\/01\/el-inevitable-destino-el-sofa-de-color-beige-2019-diptico-oleo-carbon-sobre-tela.-19-x-239-cm-e1643910045429-550x400.jpg",550,400,true],"sydney-small-thumb":["https:\/\/www.servandogaleria.cu\/wp-content\/uploads\/2022\/01\/el-inevitable-destino-el-sofa-de-color-beige-2019-diptico-oleo-carbon-sobre-tela.-19-x-239-cm-e1643910045429-230x211.jpg",230,211,true],"sydney-service-thumb":["https:\/\/www.servandogaleria.cu\/wp-content\/uploads\/2022\/01\/el-inevitable-destino-el-sofa-de-color-beige-2019-diptico-oleo-carbon-sobre-tela.-19-x-239-cm-e1643910045429-350x320.jpg",350,320,true],"sydney-mas-thumb":["https:\/\/www.servandogaleria.cu\/wp-content\/uploads\/2022\/01\/el-inevitable-destino-el-sofa-de-color-beige-2019-diptico-oleo-carbon-sobre-tela.-19-x-239-cm-e1643910045429-480x440.jpg",480,440,true],"mailpoet_newsletter_max":["https:\/\/www.servandogaleria.cu\/wp-content\/uploads\/2022\/01\/el-inevitable-destino-el-sofa-de-color-beige-2019-diptico-oleo-carbon-sobre-tela.-19-x-239-cm-1320x746.jpg",1320,746,true]},"uagb_author_info":{"display_name":"informatica","author_link":"https:\/\/www.servandogaleria.cu\/en\/author\/"},"uagb_comment_info":0,"uagb_excerpt":null,"_links":{"self":[{"href":"https:\/\/www.servandogaleria.cu\/en\/wp-json\/wp\/v2\/obras\/2381"}],"collection":[{"href":"https:\/\/www.servandogaleria.cu\/en\/wp-json\/wp\/v2\/obras"}],"about":[{"href":"https:\/\/www.servandogaleria.cu\/en\/wp-json\/wp\/v2\/types\/obras"}],"wp:featuredmedia":[{"embeddable":true,"href":"https:\/\/www.servandogaleria.cu\/en\/wp-json\/wp\/v2\/media\/2374"}],"wp:attachment":[{"href":"https:\/\/www.servandogaleria.cu\/en\/wp-json\/wp\/v2\/media?parent=2381"}],"curies":[{"name":"wp","href":"https:\/\/api.w.org\/{rel}","templated":true}]}}

El inevitable destino, el sofá de color beige, 2019 (díptico) óleo, carbón sobre tela. 19 x 239 cm
