{"id":2380,"date":"2022-01-13T15:37:28","date_gmt":"2022-01-13T15:37:28","guid":{"rendered":"http:\/\/servando\/?post_type=obras&#038;p=2380"},"modified":"2022-01-13T15:37:30","modified_gmt":"2022-01-13T15:37:30","slug":"la-proyecion-de-freud-en-el-caracol-africano-2019-oleo-carbon-sobre-tela-229-x-209-cm","status":"publish","type":"obras","link":"https:\/\/www.servandogaleria.cu\/en\/obras\/la-proyecion-de-freud-en-el-caracol-africano-2019-oleo-carbon-sobre-tela-229-x-209-cm\/","title":{"rendered":"La proyeci\u00f3n de Freud en el caracol africano, 2019, \u00f3leo, carb\u00f3n sobre tela, 229 x 209 cm"},"content":{"rendered":"","protected":false},"featured_media":2375,"template":"","acf":[],"wbAuthor":{"name":"informatica","link":"https:\/\/www.servandogaleria.cu\/en\/author\/"},"wbDate":"Jan 13, 2022","wbCategories":{"space":"","coma":""},"wbComment":0,"uagb_featured_image_src":{"full":["https:\/\/www.servandogaleria.cu\/wp-content\/uploads\/2022\/01\/La-proyecion-de-Freud-en-el-caracol-africano-2019-oleo-carbon-sobre-tela-229-x-209-cm.jpg",1447,1437,false],"thumbnail":["https:\/\/www.servandogaleria.cu\/wp-content\/uploads\/2022\/01\/La-proyecion-de-Freud-en-el-caracol-africano-2019-oleo-carbon-sobre-tela-229-x-209-cm-150x150.jpg",150,150,true],"medium":["https:\/\/www.servandogaleria.cu\/wp-content\/uploads\/2022\/01\/La-proyecion-de-Freud-en-el-caracol-africano-2019-oleo-carbon-sobre-tela-229-x-209-cm-300x298.jpg",300,298,true],"medium_large":["https:\/\/www.servandogaleria.cu\/wp-content\/uploads\/2022\/01\/La-proyecion-de-Freud-en-el-caracol-africano-2019-oleo-carbon-sobre-tela-229-x-209-cm-768x763.jpg",768,763,true],"large":["https:\/\/www.servandogaleria.cu\/wp-content\/uploads\/2022\/01\/La-proyecion-de-Freud-en-el-caracol-africano-2019-oleo-carbon-sobre-tela-229-x-209-cm-1024x1017.jpg",1024,1017,true],"1536x1536":["https:\/\/www.servandogaleria.cu\/wp-content\/uploads\/2022\/01\/La-proyecion-de-Freud-en-el-caracol-africano-2019-oleo-carbon-sobre-tela-229-x-209-cm.jpg",1447,1437,false],"2048x2048":["https:\/\/www.servandogaleria.cu\/wp-content\/uploads\/2022\/01\/La-proyecion-de-Freud-en-el-caracol-africano-2019-oleo-carbon-sobre-tela-229-x-209-cm.jpg",1447,1437,false],"trp-custom-language-flag":["https:\/\/www.servandogaleria.cu\/wp-content\/uploads\/2022\/01\/La-proyecion-de-Freud-en-el-caracol-africano-2019-oleo-carbon-sobre-tela-229-x-209-cm-12x12.jpg",12,12,true],"ultp_layout_landscape_large":["https:\/\/www.servandogaleria.cu\/wp-content\/uploads\/2022\/01\/La-proyecion-de-Freud-en-el-caracol-africano-2019-oleo-carbon-sobre-tela-229-x-209-cm-1200x800.jpg",1200,800,true],"ultp_layout_landscape":["https:\/\/www.servandogaleria.cu\/wp-content\/uploads\/2022\/01\/La-proyecion-de-Freud-en-el-caracol-africano-2019-oleo-carbon-sobre-tela-229-x-209-cm-870x570.jpg",870,570,true],"ultp_layout_portrait":["https:\/\/www.servandogaleria.cu\/wp-content\/uploads\/2022\/01\/La-proyecion-de-Freud-en-el-caracol-africano-2019-oleo-carbon-sobre-tela-229-x-209-cm-600x900.jpg",600,900,true],"ultp_layout_square":["https:\/\/www.servandogaleria.cu\/wp-content\/uploads\/2022\/01\/La-proyecion-de-Freud-en-el-caracol-africano-2019-oleo-carbon-sobre-tela-229-x-209-cm-600x600.jpg",600,600,true],"sydney-large-thumb":["https:\/\/www.servandogaleria.cu\/wp-content\/uploads\/2022\/01\/La-proyecion-de-Freud-en-el-caracol-africano-2019-oleo-carbon-sobre-tela-229-x-209-cm-920x914.jpg",920,914,true],"sydney-medium-thumb":["https:\/\/www.servandogaleria.cu\/wp-content\/uploads\/2022\/01\/La-proyecion-de-Freud-en-el-caracol-africano-2019-oleo-carbon-sobre-tela-229-x-209-cm-550x400.jpg",550,400,true],"sydney-small-thumb":["https:\/\/www.servandogaleria.cu\/wp-content\/uploads\/2022\/01\/La-proyecion-de-Freud-en-el-caracol-africano-2019-oleo-carbon-sobre-tela-229-x-209-cm-230x228.jpg",230,228,true],"sydney-service-thumb":["https:\/\/www.servandogaleria.cu\/wp-content\/uploads\/2022\/01\/La-proyecion-de-Freud-en-el-caracol-africano-2019-oleo-carbon-sobre-tela-229-x-209-cm-350x348.jpg",350,348,true],"sydney-mas-thumb":["https:\/\/www.servandogaleria.cu\/wp-content\/uploads\/2022\/01\/La-proyecion-de-Freud-en-el-caracol-africano-2019-oleo-carbon-sobre-tela-229-x-209-cm-480x477.jpg",480,477,true],"mailpoet_newsletter_max":["https:\/\/www.servandogaleria.cu\/wp-content\/uploads\/2022\/01\/La-proyecion-de-Freud-en-el-caracol-africano-2019-oleo-carbon-sobre-tela-229-x-209-cm-1320x1311.jpg",1320,1311,true]},"uagb_author_info":{"display_name":"informatica","author_link":"https:\/\/www.servandogaleria.cu\/en\/author\/"},"uagb_comment_info":0,"uagb_excerpt":null,"_links":{"self":[{"href":"https:\/\/www.servandogaleria.cu\/en\/wp-json\/wp\/v2\/obras\/2380"}],"collection":[{"href":"https:\/\/www.servandogaleria.cu\/en\/wp-json\/wp\/v2\/obras"}],"about":[{"href":"https:\/\/www.servandogaleria.cu\/en\/wp-json\/wp\/v2\/types\/obras"}],"wp:featuredmedia":[{"embeddable":true,"href":"https:\/\/www.servandogaleria.cu\/en\/wp-json\/wp\/v2\/media\/2375"}],"wp:attachment":[{"href":"https:\/\/www.servandogaleria.cu\/en\/wp-json\/wp\/v2\/media?parent=2380"}],"curies":[{"name":"wp","href":"https:\/\/api.w.org\/{rel}","templated":true}]}}

La proyeción de Freud en el caracol africano, 2019, óleo, carbón sobre tela, 229 x 209 cm
