{"id":2357,"date":"2022-01-13T15:30:13","date_gmt":"2022-01-13T15:30:13","guid":{"rendered":"http:\/\/servando\/?post_type=obras&#038;p=2357"},"modified":"2022-02-03T17:41:24","modified_gmt":"2022-02-03T17:41:24","slug":"el-inevitable-destino-el-sofa-de-color-beige-2019-diptico-oleo-carbon-sobre-tela-19-x-239-cm","status":"publish","type":"obras","link":"https:\/\/www.servandogaleria.cu\/en\/obras\/el-inevitable-destino-el-sofa-de-color-beige-2019-diptico-oleo-carbon-sobre-tela-19-x-239-cm\/","title":{"rendered":"El inevitable destino, el sof\u00e1 de color beige, 2019 (d\u00edptico) \u00f3leo, carb\u00f3n sobre tela. 19 x 239 cm"},"content":{"rendered":"","protected":false},"featured_media":2368,"template":"","acf":[],"wbAuthor":{"name":"informatica","link":"https:\/\/www.servandogaleria.cu\/en\/author\/"},"wbDate":"Jan 13, 2022","wbCategories":{"space":"","coma":""},"wbComment":0,"uagb_featured_image_src":{"full":["https:\/\/www.servandogaleria.cu\/wp-content\/uploads\/2022\/01\/1-el-inevitable-destino-el-sofa-de-color-beige-2019-diptico-oleo-carbon-sobre-tela.-19-x-239-cm-e1643910077257.jpg",954,894,false],"thumbnail":["https:\/\/www.servandogaleria.cu\/wp-content\/uploads\/2022\/01\/1-el-inevitable-destino-el-sofa-de-color-beige-2019-diptico-oleo-carbon-sobre-tela.-19-x-239-cm-e1643910077257-150x150.jpg",150,150,true],"medium":["https:\/\/www.servandogaleria.cu\/wp-content\/uploads\/2022\/01\/1-el-inevitable-destino-el-sofa-de-color-beige-2019-diptico-oleo-carbon-sobre-tela.-19-x-239-cm-e1643910077257-300x281.jpg",300,281,true],"medium_large":["https:\/\/www.servandogaleria.cu\/wp-content\/uploads\/2022\/01\/1-el-inevitable-destino-el-sofa-de-color-beige-2019-diptico-oleo-carbon-sobre-tela.-19-x-239-cm-e1643910077257-768x720.jpg",768,720,true],"large":["https:\/\/www.servandogaleria.cu\/wp-content\/uploads\/2022\/01\/1-el-inevitable-destino-el-sofa-de-color-beige-2019-diptico-oleo-carbon-sobre-tela.-19-x-239-cm-1024x573.jpg",1024,573,true],"1536x1536":["https:\/\/www.servandogaleria.cu\/wp-content\/uploads\/2022\/01\/1-el-inevitable-destino-el-sofa-de-color-beige-2019-diptico-oleo-carbon-sobre-tela.-19-x-239-cm-1536x859.jpg",1536,859,true],"2048x2048":["https:\/\/www.servandogaleria.cu\/wp-content\/uploads\/2022\/01\/1-el-inevitable-destino-el-sofa-de-color-beige-2019-diptico-oleo-carbon-sobre-tela.-19-x-239-cm-e1643910077257.jpg",954,894,false],"trp-custom-language-flag":["https:\/\/www.servandogaleria.cu\/wp-content\/uploads\/2022\/01\/1-el-inevitable-destino-el-sofa-de-color-beige-2019-diptico-oleo-carbon-sobre-tela.-19-x-239-cm-e1643910077257-13x12.jpg",13,12,true],"ultp_layout_landscape_large":["https:\/\/www.servandogaleria.cu\/wp-content\/uploads\/2022\/01\/1-el-inevitable-destino-el-sofa-de-color-beige-2019-diptico-oleo-carbon-sobre-tela.-19-x-239-cm-e1643910077257-954x800.jpg",954,800,true],"ultp_layout_landscape":["https:\/\/www.servandogaleria.cu\/wp-content\/uploads\/2022\/01\/1-el-inevitable-destino-el-sofa-de-color-beige-2019-diptico-oleo-carbon-sobre-tela.-19-x-239-cm-e1643910077257-870x570.jpg",870,570,true],"ultp_layout_portrait":["https:\/\/www.servandogaleria.cu\/wp-content\/uploads\/2022\/01\/1-el-inevitable-destino-el-sofa-de-color-beige-2019-diptico-oleo-carbon-sobre-tela.-19-x-239-cm-e1643910077257-600x894.jpg",600,894,true],"ultp_layout_square":["https:\/\/www.servandogaleria.cu\/wp-content\/uploads\/2022\/01\/1-el-inevitable-destino-el-sofa-de-color-beige-2019-diptico-oleo-carbon-sobre-tela.-19-x-239-cm-e1643910077257-600x600.jpg",600,600,true],"sydney-large-thumb":["https:\/\/www.servandogaleria.cu\/wp-content\/uploads\/2022\/01\/1-el-inevitable-destino-el-sofa-de-color-beige-2019-diptico-oleo-carbon-sobre-tela.-19-x-239-cm-e1643910077257-920x862.jpg",920,862,true],"sydney-medium-thumb":["https:\/\/www.servandogaleria.cu\/wp-content\/uploads\/2022\/01\/1-el-inevitable-destino-el-sofa-de-color-beige-2019-diptico-oleo-carbon-sobre-tela.-19-x-239-cm-e1643910077257-550x400.jpg",550,400,true],"sydney-small-thumb":["https:\/\/www.servandogaleria.cu\/wp-content\/uploads\/2022\/01\/1-el-inevitable-destino-el-sofa-de-color-beige-2019-diptico-oleo-carbon-sobre-tela.-19-x-239-cm-e1643910077257-230x216.jpg",230,216,true],"sydney-service-thumb":["https:\/\/www.servandogaleria.cu\/wp-content\/uploads\/2022\/01\/1-el-inevitable-destino-el-sofa-de-color-beige-2019-diptico-oleo-carbon-sobre-tela.-19-x-239-cm-e1643910077257-350x328.jpg",350,328,true],"sydney-mas-thumb":["https:\/\/www.servandogaleria.cu\/wp-content\/uploads\/2022\/01\/1-el-inevitable-destino-el-sofa-de-color-beige-2019-diptico-oleo-carbon-sobre-tela.-19-x-239-cm-e1643910077257-480x450.jpg",480,450,true],"mailpoet_newsletter_max":["https:\/\/www.servandogaleria.cu\/wp-content\/uploads\/2022\/01\/1-el-inevitable-destino-el-sofa-de-color-beige-2019-diptico-oleo-carbon-sobre-tela.-19-x-239-cm-1320x738.jpg",1320,738,true]},"uagb_author_info":{"display_name":"informatica","author_link":"https:\/\/www.servandogaleria.cu\/en\/author\/"},"uagb_comment_info":0,"uagb_excerpt":null,"_links":{"self":[{"href":"https:\/\/www.servandogaleria.cu\/en\/wp-json\/wp\/v2\/obras\/2357"}],"collection":[{"href":"https:\/\/www.servandogaleria.cu\/en\/wp-json\/wp\/v2\/obras"}],"about":[{"href":"https:\/\/www.servandogaleria.cu\/en\/wp-json\/wp\/v2\/types\/obras"}],"wp:featuredmedia":[{"embeddable":true,"href":"https:\/\/www.servandogaleria.cu\/en\/wp-json\/wp\/v2\/media\/2368"}],"wp:attachment":[{"href":"https:\/\/www.servandogaleria.cu\/en\/wp-json\/wp\/v2\/media?parent=2357"}],"curies":[{"name":"wp","href":"https:\/\/api.w.org\/{rel}","templated":true}]}}

El inevitable destino, el sofá de color beige, 2019 (díptico) óleo, carbón sobre tela. 19 x 239 cm
